3.
13613
List the prime factors of 3303.
3, 367
List the prime factors of 33850.
2, 5, 677
What are the prime factors of 27211?
27211
List the prime factors of 12135.
3, 5, 809
List the prime factors of 3279.
3, 1093
List the prime factors of 4627.
7, 661
List the prime factors of 5202.
2, 3, 17
What are the prime factors of 499?
499
What are the prime factors of 733?
733
List the prime factors of 11990.
2, 5, 11, 109
List the prime factors of 1182.
2, 3, 197
List the prime factors of 1181.
1181
What are the prime factors of 11054?
2, 5527
List the prime factors of 268.
2, 67
What are the prime factors of 29503?
163, 181
What are the prime factors of 6174?
2, 3, 7
List the prime factors of 54720.
2, 3, 5, 19
List the prime factors of 107862.
2, 3, 17977
What are the prime factors of 15342?
2, 3, 2557
List the prime factors of 237.
3, 79
What are the prime factors of 6567?
3, 11, 199
List the prime factors of 3021.
3, 19, 53
List the prime factors of 3317.
31, 107
What are the prime factors of 14162?
2, 73, 97
List the prime factors of 9566.
2, 4783
What are the prime factors of 1099?
7, 157
List the prime factors of 33298.
2, 16649
List the prime factors of 1598.
2, 17, 47
What are the prime factors of 20991?
3, 6997
What are the prime factors of 52438?
2, 157, 167
What are the prime factors of 189469?
7, 27067
What are the prime factors of 19770?
2, 3, 5, 659
What are the prime factors of 2346?
2, 3, 17, 23
What are the prime factors of 4630?
2, 5, 463
List the prime factors of 9571.
17, 563
What are the prime factors of 13773?
3, 4591
List the prime factors of 9928.
2, 17, 73
What are the prime factors of 6162?
2, 3, 13, 79
List the prime factors of 11368.
2, 7, 29
List the prime factors of 3322.
2, 11, 151
What are the prime factors of 68274?
2, 3, 3793
List the prime factors of 780.
2, 3, 5, 13
List the prime factors of 2848.
2, 89
What are the prime factors of 61435?
5, 11, 1117
What are the prime factors of 2342?
2, 1171
What are the prime factors of 22133?
22133
List the prime factors of 53071.
73, 727
List the prime factors of 16217.
16217
List the prime factors of 48306.
2, 3, 83, 97
List the prime factors of 11827.
11827
List the prime factors of 1342.
2, 11, 61
What are the prime factors of 94706?
2, 47353
What are the prime factors of 49738?
2, 13, 1913
List the prime factors of 37877.
7, 773
List the prime factors of 6682.
2, 13, 257
What are the prime factors of 23823?
3, 2647
List the prime factors of 41735.
5, 17, 491
List the prime factors of 20411.
20411
What are the prime factors of 1019?
1019
What are the prime factors of 81761?
81761
What are the prime factors of 37877?
7, 773
What are the prime factors of 15902?
2, 7951
List the prime factors of 436.
2, 109
List the prime factors of 78355.
5, 15671
What are the prime factors of 42402?
2, 3, 37, 191
What are the prime factors of 9012?
2, 3, 751
List the prime factors of 68492.
2, 17123
List the prime factors of 7654.
2, 43, 89
What are the prime factors of 97?
97
What are the prime factors of 1366?
2, 683
What are the prime factors of 207?
3, 23
What are the prime factors of 149?
149
What are the prime factors of 1042?
2, 521
What are the prime factors of 1567?
1567
What are the prime factors of 8913?
3, 2971
List the prime factors of 125147.
11, 31, 367
List the prime factors of 24792.
2, 3, 1033
List the prime factors of 18188.
2, 4547
What are the prime factors of 2648?
2, 331
List the prime factors of 2614.
2, 1307
List the prime factors of 2511.
3, 31
List the prime factors of 637.
7, 13
List the prime factors of 1738.
2, 11, 79
List the prime factors of 1012.
2, 11, 23
What are the prime factors of 49738?
2, 13, 1913
What are the prime factors of 637?
7, 13
What are the prime factors of 1325?
5, 53
What are the prime factors of 1913?
1913
What are the prime factors of 81910?
2, 5, 8191
What are the prime factors of 84009?
3, 41, 683
List the prime factors of 9197.
17, 541
What are the prime factors of 148808?
2, 11, 19, 89
List the prime factors of 10837.
10837
What are the prime factors of 2773?
47, 59
What are the prime factors of 1178?
2, 19, 31
What are the prime factors of 62302?
2, 31151
What are the prime factors of 1166?
2, 11, 53
List the prime factors of 4463.
4463
List the prime factors of 180402.
2, 3, 107, 281
What are the prime factors of 1089?
3, 11
List the prime factors of 17.
17
What are the prime factors of 468?
2, 3, 13
List the prime factors of 317.
317
List the prime factors of 13118.
2, 7, 937
What are the prime factors of 199?
199
List the prime factors of 172.
2, 43
List the prime factors of 1950.
2, 3, 5, 13
List the prime factors of 1346.
2, 673
What are the prime factors of 26101?
43, 607
What are the prime factors of 1162?
2, 7, 83
What are the prime factors of 2160?
2, 3, 5
List the prime factors of 3967.
3967
What are the prime factors of 3061?
3061
List the prime factors of 569.
569
What are the prime factors of 12969?
3, 11, 131
List the prime factors of 47580.
2, 3, 5, 13, 61
List the prime factors of 6446.
2, 11, 293
What are the prime factors of 1100?
2, 5, 11
List the prime factors of 6049.
23, 263
List the prime factors of 2346.
2, 3, 17, 23
List the prime factors of 50665.
5, 10133
List the prime factors of 36227.
17, 2131
List the prime factors of 642.
2, 3, 107
What are the prime factors of 47904?
2, 3, 499
List the prime factors of 26210.
2, 5, 2621
List the prime factors of 26.
2, 13
List the prime factors of 970.
2, 5, 97
What are the prime factors of 13833?
3, 29, 53
List the prime factors of 67435.
5, 13487
What are the prime factors of 11739?
3, 7, 13, 43
List the prime factors of 815.
5, 163
What are the prime factors of 6737?
6737
What are the prime factors of 1287?
3, 11, 13
List the prime factors of 862.
2, 431
List the prime factors of 17188.
2, 4297
What are the prime factors of 1356?
2, 3, 113
What are the prime factors of 7845?
3, 5, 523
List the prime factors of 115.
5, 23
What are the prime factors of 2267?
2267
List the prime factors of 1161.
3, 43
List the prime factors of 61122.
2, 3, 61, 167
What are the prime factors of 12089?
7, 11, 157
List the prime factors of 3230.
2, 5, 17, 19
What are the prime factors of 12420?
2, 3, 5, 23
What are the prime factors of 7175?
5, 7, 41
List the prime factors of 28154.
2, 7, 2011
What are the prime factors of 42831?
3, 4759
List the prime factors of 3981.
3, 1327
List the prime factors of 11052.
2, 3, 307
What are the prime factors of 3490?
2, 5, 349
List the prime factors of 48266.
2, 24133
List the prime factors of 2944.
2, 23
What are the prime factors of 557?
557
What are the prime factors of 5929?
7, 11
What are the prime factors of 15288?
2, 3, 7, 13
List the prime factors of 768.
2, 3
List the prime factors of 551.
19, 29
List the prime factors of 49748.
2, 12437
List the prime factors of 3075.
3, 5, 41
What are the prime factors of 12614?
2, 7, 17, 53
List the prime factors of 5303.
5303
List the prime factors of 1468.
2, 367
What are the prime factors of 57832?
2, 7229
List the prime factors of 60009.
3, 83, 241
List the prime factors of 587.
587
What are the prime factors of 13517?
7, 1931
What are the prime factors of 1271?
31, 41
List the prime factors of 40.
2, 5
What are the prime factors of 2360?
2, 5, 59
What are the prime factors of 14710?
2, 5, 1471
What are the prime factors of 10881?
3, 13, 31
List the prime factors of 62929.
62929
List the prime factors of 34050.
2, 3, 5, 227
What are the prime factors of 73225?
5, 29, 101
List the prime factors of 2379.
3, 13, 61
What are the prime factors of 633?
3, 211
What are the prime factors of 12426?
2, 3, 19, 109
What are the prime factors of 726?
2, 3, 11
What are the prime factors of 9573?
3, 3191
What are the prime factors of 22051?
22051
List the prime factors of 1797.
3, 599
List the prime factors of 88473.
3, 7, 11, 383
What are the prime factors of 1030?
2, 5, 103
List the prime factors of 10262.
2, 7, 733
What are the prime factors of 9181?
9181
List the prime factors of 519.
3, 173
List the prime factors of 40.
2, 5
What are the prime factors of 45135?
3, 5, 17, 59
What are the prime factors of 2579?
2579
What are the prime factors of 7315?
5, 7, 11, 19
What are the prime factors of 132232?
2